False
Is 155354 a multiple of 54?
False
Is 404 a factor of 1444704?
True
Is 8 a factor of 91289?
False
Is 2 a factor of 221?
False
Is 15 a factor of 1541169?
False
Is 1343775 a multiple of 100?
False
Does 30 divide 686520?
True
Is 53 a factor of 1938146?
False
Is 30 a factor of 288990?
True
Is 332 a factor of 505968?
True
Does 18 divide 278631?
False
Is 5 a factor of 9226443?
False
Is 114 a factor of 270691?
False
Is 34 a factor of 200008?
False
Does 13 divide 14028755?
True
Is 280902 a multiple of 27?
False
Is 20 a factor of 1352260?
True
Is 35129 a multiple of 270?
False
Does 96 divide 3134071?
False
Is 21 a factor of 5401580?
False
Is 933 a factor of 5728620?
True
Is 632496 a multiple of 48?
True
Is 622 a factor of 804246?
True
Does 4 divide 22200?
True
Is 842738 a multiple of 33?
False
Is 523829 a multiple of 21?
False
Does 285 divide 165774?
False
Is 24659 a multiple of 44?
False
Does 64 divide 701376?
True
Does 23 divide 5577?
False
Is 72 a factor of 42637?
False
Does 17 divide 9640403?
False
Is 455927 a multiple of 6?
False
Is 9 a factor of 131583?
False
Is 14187472 a multiple of 20?
False
Is 20 a factor of 74557?
False
Does 168 divide 98943?
False
Is 7088367 a multiple of 1599?
True
Is 8 a factor of 509587?
False
Is 9 a factor of 6582?
False
Is 106 a factor of 33356?
False
Is 1038098 a multiple of 4?
False
Does 646 divide 3569855?
False
Is 46 a factor of 5198?
True
Does 152 divide 21071?
False
Is 955790 a multiple of 71?
False
Is 274188 a multiple of 6?
True
Is 4023936 a multiple of 128?
True
Is 284 a factor of 2335630?
False
Does 158 divide 79734?
False
Is 79862 a multiple of 420?
False
Is 253050 a multiple of 14?
True
Is 38 a factor of 245632?
True
Is 5637020 a multiple of 164?
False
Is 1012200 a multiple of 4?
True
Is 155331 a multiple of 31?
False
Is 1554705 a multiple of 48?
False
Is 12251009 a multiple of 2259?
False
Is 326807 a multiple of 15?
False
Does 26 divide 1070723?
False
Is 97066 a multiple of 30?
False
Is 242 a factor of 434874?
True
Is 1677 a factor of 6588933?
True
Is 2 a factor of 183589?
False
Is 175 a factor of 3035375?
True
Is 124 a factor of 70308?
True
Is 2499847 a multiple of 23?
True
Is 47 a factor of 96225?
False
Is 9 a factor of 2401954?
False
Does 25 divide 4324606?
False
Is 21 a factor of 53844?
True
Does 88 divide 2288352?
True
Is 99768 a multiple of 8?
True
Is 282671 a multiple of 20?
False
Is 926702 a multiple of 14?
True
Is 446344 a multiple of 127?
False
Is 12 a factor of 402252?
True
Is 2141802 a multiple of 102?
False
Is 15 a factor of 82095?
True
Is 48034 a multiple of 255?
False
Does 44 divide 104676?
True
Is 70730 a multiple of 22?
True
Does 18 divide 20118?
False
Is 32 a factor of 2103299?
False
Is 140138 a multiple of 10?
False
Is 10020600 a multiple of 152?
True
Is 105 a factor of 4351410?
True
Is 215498 a multiple of 306?
False
Does 812 divide 370670?
False
Is 23556962 a multiple of 13?
True
Is 4 a factor of 62736?
True
Is 22 a factor of 153208?
True
Is 5571198 a multiple of 933?
False
Is 72 a factor of 173584?
False
Does 39 divide 77738?
False
Does 13 divide 355385?
False
Is 5001715 a multiple of 12?
False
Is 380900 a multiple of 325?
True
Is 109 a factor of 1787927?
True
Does 82 divide 921844?
True
Does 31 divide 250945?
True
Does 14 divide 18816?
True
Is 780521 a multiple of 84?
False
Is 1652833 a multiple of 91?
True
Does 5 divide 1758114?
False
Is 328196 a multiple of 22?
True
Is 3136458 a multiple of 474?
True
Is 31 a factor of 3005658?
False
Is 5 a factor of 11679?
False
Does 75 divide 729375?
True
Is 491207 a multiple of 36?
False
Is 59 a factor of 243375?
True
Is 86 a factor of 486588?
True
Does 24 divide 143980?
False
Does 31 divide 8138306?
True
Is 323 a factor of 339473?
True
Does 2 divide 51268?
True
Is 19 a factor of 137465?
True
Is 362981 a multiple of 6?
False
Is 180 a factor of 4893156?
False
Is 439035 a multiple of 840?
False
Is 26 a factor of 1756664?
True
Is 22720 a multiple of 80?
True
Is 136032 a multiple of 39?
True
Is 8512 a multiple of 14?
True
Is 210 a factor of 30870?
True
Does 35 divide 1407175?
True
Is 64115 a multiple of 46?
False
Is 19 a factor of 4197689?
True
Is 4809540 a multiple of 355?
True
Is 122 a factor of 82106?
True
Is 226 a factor of 1833086?
True
Does 51 divide 8452239?
False
Does 19 divide 456399?
True
Does 152 divide 1363649?
False
Is 3207434 a multiple of 42?
False
Does 2 divide 737470?
True
Is 1016538 a multiple of 19?
True
Is 901 a factor of 10604770?
True
Is 696356 a multiple of 107?
True
Does 37 divide 9442227?
False
Is 3088662 a multiple of 51?
True
Is 573 a factor of 8716843?
False
Is 17 a factor of 90236?
True
Is 105 a factor of 17850?
True
Does 27 divide 195291?
True
Is 1405494 a multiple of 113?
True
Is 73 a factor of 1655088?
False
Is 260 a factor of 3157671?
False
Does 38 divide 477223?
False
Does 137 divide 97270?
True
Does 55 divide 43782?
False
Is 16 a factor of 723119?
False
Does 13 divide 38532?
True
Is 192630 a multiple of 178?
False
Is 13688 a multiple of 29?
True
Is 307394 a multiple of 34?
True
Is 20608395 a multiple of 445?
True
Is 38034 a multiple of 18?
True
Is 633597 a multiple of 281?
False
Is 14 a factor of 1511776?
True
Is 112575 a multiple of 47?
False
Does 17 divide 11344?
False
Is 12 a factor of 490812?
True
Does 29 divide 1666711?
False
Is 17927707 a multiple of 1343?
True
Is 687 a factor of 191673?
True
Is 130 a factor of 3605290?
True
Is 22 a factor of 6249945?
False
Is 7 a factor of 74072?
False
Is 98050 a multiple of 74?
True
Does 6 divide 209512?
False
Does 18 divide 2960668?
False
Is 2685378 a multiple of 146?
True
Is 36 a factor of 639612?
True
Is 69885 a multiple of 15?
True
Does 2127 divide 8583541?
False
Does 11 divide 183494?
False
Is 5419524 a multiple of 44?
True
Is 915430 a multiple of 14?
False
Is 106 a factor of 1728274?
False
Is 120761 a multiple of 80?
False
Is 2985309 a multiple of 9?
True
Is 4659984 a multiple of 24?
True
Does 4 divide 3286951?
False
Does 45 divide 556913?
False
Is 264384 a multiple of 243?
True
Does 491 divide 7186253?
False
Is 69 a factor of 3119309?
False
Is 1485495 a multiple of 495?
True
Is 1866196 even?
True
Does 37 divide 29699512?
False
Is 36 a factor of 40271?
False
Does 145 divide 249164?
False
Is 9 a factor of 46311?
False
Is 29 a factor of 478260?
False
Is 1846526 a multiple of 11?
True
Does 6 divide 74676?
True
Is 3863200 a multiple of 100?
True
Is 8 a factor of 110563?
False
Is 18 a factor of 134658?
True
Is 636495 a multiple of 116?
False
Is 11091077 a multiple of 15?
False
Does 52 divide 294840?
True
Is 7 a factor of 6312119?
False
Does 33 divide 391925?
False
Is 4047288 a multiple of 47?
False
Is 588004 a multiple of 148?
True
Does 19 divide 676505?
False
Does 27 divide 714231?
True
Does 66 divide 534296?
False
Is 287 a factor of 7378297?
False
Is 235 a factor of 710405?
True
Is 1242630 a multiple of 28?
False
Is 120 a factor of 362748?
False
Is 2 a factor of 302034?
True
Does 18 divide 132876?
True
Is 154224 a multiple of 336?
True
Is 46 a factor of 28152?
True
Is 3915410 a multiple of 312?
False
Is 42 a factor of 941472?
True
Is 8 a factor of 2450616?
True
Does 17 divide 1018776?
True
Does 4 divide 547844?
True
Is 97 a factor of 1839460?
False
Is 409 a factor of 11970612?
True
Is 39654 a multiple of 13?
False
Is 7868 a multiple of 28?
True
Is 463155 a multiple of 1203?
True
Is 2 a factor of 78248?
True
Does 6 divide 1258980?
True
Does 116 divide 83868?
True
Is 15 a factor of 24150?
True
Is 37461 a multiple of 7?
False
Is 169972 a multiple of 44?
True
Does 345 divide 2484345?
True
Does 15 divide 20193?
False
Does 18 divide 60634?
False
Is 101 a factor of 7553?
False
Does 958 divide 2007968?
True
Does 86 divide 5332?
True
Does 110 divide 99977?
False
Is 123167 a multiple of 7?
False
Is 214055 a multiple of 109?
False
Does 8 divide 61408?
True
Is 355309 a multiple of 113?
False
Does 516 divide 476784?
True
Is 239 a factor of 141876?
False
Is 4 a factor of 29935?
False
Is 291 a factor of 24286?
False
Is 514868 a multiple of 14?
False
Is 757456 a multiple of 16?
True
Is 52 a factor of 2728719?
False
Does 113 divide 397341?
False
Is 200592 a multiple of 56?
True
Is 425 a factor of 420604?
False
Is 32374370 a multiple of 35?
True
Is 85 a factor of 2990810?
True
Is